{"id":48,"date":"2020-03-16T21:30:46","date_gmt":"2020-03-16T20:30:46","guid":{"rendered":"http:\/\/fromagesetdessertsfolk.fr\/?page_id=48"},"modified":"2025-10-21T00:06:24","modified_gmt":"2025-10-20T22:06:24","slug":"les-musiciens","status":"publish","type":"page","link":"http:\/\/fromagesetdessertsfolk.fr\/?page_id=48","title":{"rendered":"Les musiciens"},"content":{"rendered":"\n<p class=\"has-black-color has-text-color has-large-font-size\">  <strong>MADOHEJ<\/strong> : pourquoi un tel nom ??  <\/p>\n\n\n\n<figure class=\"wp-block-image size-large\"><img loading=\"lazy\" decoding=\"async\" width=\"1024\" height=\"461\" src=\"http:\/\/fromagesetdessertsfolk.fr\/wp-content\/uploads\/2025\/03\/20240511_152104-1024x461.jpg\" alt=\"\" class=\"wp-image-333\" srcset=\"http:\/\/fromagesetdessertsfolk.fr\/wp-content\/uploads\/2025\/03\/20240511_152104-1024x461.jpg 1024w, http:\/\/fromagesetdessertsfolk.fr\/wp-content\/uploads\/2025\/03\/20240511_152104-300x135.jpg 300w, http:\/\/fromagesetdessertsfolk.fr\/wp-content\/uploads\/2025\/03\/20240511_152104-768x346.jpg 768w, http:\/\/fromagesetdessertsfolk.fr\/wp-content\/uploads\/2025\/03\/20240511_152104-1536x692.jpg 1536w, http:\/\/fromagesetdessertsfolk.fr\/wp-content\/uploads\/2025\/03\/20240511_152104-2048x922.jpg 2048w, http:\/\/fromagesetdessertsfolk.fr\/wp-content\/uploads\/2025\/03\/20240511_152104-900x405.jpg 900w, http:\/\/fromagesetdessertsfolk.fr\/wp-content\/uploads\/2025\/03\/20240511_152104-1280x577.jpg 1280w\" sizes=\"auto, (max-width: 1024px) 100vw, 1024px\" \/><\/figure>\n\n\n\n<p class=\"has-black-color has-text-color has-large-font-size\"><a href=\"http:\/\/fromagesetdessertsfolk.fr\/wp-admin\/post-new.php?post_type=page#Marie_aller\"><strong>Ma<\/strong>rie Michelard&nbsp;<\/a>: <a href=\"http:\/\/www.amta.com.fr\/fr\/production\/accordeon.asp?prov=groupe&amp;codegroupe=94\"><em>Hautbois, fl\u00fbte traversi\u00e8re<\/em><\/a>  <\/p>\n\n\n\n<p class=\"has-black-color has-text-color has-large-font-size\"> <a href=\"http:\/\/fromagesetdessertsfolk.fr\/wp-admin\/post-new.php?post_type=page#Marie_aller\"><strong>Do<\/strong>minique Coulon <\/a>: <a href=\"http:\/\/www.amta.com.fr\/fr\/production\/accordeon.asp?prov=groupe&amp;codegroupe=94\"><em>Percussions<\/em><\/a>  <\/p>\n\n\n\n<p class=\"has-black-color has-text-color has-large-font-size\"> <a href=\"http:\/\/fromagesetdessertsfolk.fr\/wp-admin\/post-new.php?post_type=page#Marie_aller\"><strong>Do<\/strong>minique Trompille&nbsp;<\/a>: <a href=\"http:\/\/www.amta.com.fr\/fr\/production\/accordeon.asp?prov=groupe&amp;codegroupe=94\"><em>Vielle<\/em><\/a>  <em>\u00e9lectro-acoustique<\/em><\/p>\n\n\n\n<p class=\"has-black-color has-text-color has-large-font-size\"> <a href=\"http:\/\/fromagesetdessertsfolk.fr\/wp-admin\/post-new.php?post_type=page#Marie_aller\"><strong>H\u00e9<\/strong>l\u00e8ne Fedoras&nbsp;<\/a>: <a href=\"http:\/\/www.amta.com.fr\/fr\/production\/accordeon.asp?prov=groupe&amp;codegroupe=94\"><em>accord\u00e9on diatonique, cornemuses<\/em><\/a>  <\/p>\n\n\n\n<p class=\"has-black-color has-text-color has-large-font-size\"><a href=\"http:\/\/fromagesetdessertsfolk.fr\/wp-admin\/post-new.php?post_type=page#Marie_aller\"><strong>J<\/strong>\u00e9r\u00f4me Thomas <\/a>: <em><a href=\"http:\/\/www.amta.com.fr\/fr\/production\/accordeon.asp?prov=groupe&amp;codegroupe=94\">Accord\u00e9on chromatiqu<\/a><\/em><a href=\"http:\/\/www.amta.com.fr\/fr\/production\/accordeon.asp?prov=groupe&amp;codegroupe=94\"><em>e<\/em><\/a>  <\/p>\n\n\n\n<figure class=\"wp-block-image size-large\"><img loading=\"lazy\" decoding=\"async\" width=\"1024\" height=\"576\" src=\"http:\/\/fromagesetdessertsfolk.fr\/wp-content\/uploads\/2025\/10\/20250727_151255-1024x576.jpg\" alt=\"\" class=\"wp-image-378\" srcset=\"http:\/\/fromagesetdessertsfolk.fr\/wp-content\/uploads\/2025\/10\/20250727_151255-1024x576.jpg 1024w, http:\/\/fromagesetdessertsfolk.fr\/wp-content\/uploads\/2025\/10\/20250727_151255-300x169.jpg 300w, http:\/\/fromagesetdessertsfolk.fr\/wp-content\/uploads\/2025\/10\/20250727_151255-768x432.jpg 768w, http:\/\/fromagesetdessertsfolk.fr\/wp-content\/uploads\/2025\/10\/20250727_151255-1536x864.jpg 1536w, http:\/\/fromagesetdessertsfolk.fr\/wp-content\/uploads\/2025\/10\/20250727_151255-2048x1152.jpg 2048w, http:\/\/fromagesetdessertsfolk.fr\/wp-content\/uploads\/2025\/10\/20250727_151255-900x506.jpg 900w, http:\/\/fromagesetdessertsfolk.fr\/wp-content\/uploads\/2025\/10\/20250727_151255-1280x720.jpg 1280w\" sizes=\"auto, (max-width: 1024px) 100vw, 1024px\" \/><\/figure>\n\n\n\n<p class=\"has-large-font-size\"><\/p>\n","protected":false},"excerpt":{"rendered":"<p>MADOHEJ : pourquoi un tel nom ?? Marie Michelard&nbsp;: Hautbois, fl\u00fbte traversi\u00e8re Dominique Coulon : Percussions Dominique Trompille&nbsp;: Vielle \u00e9lectro-acoustique H\u00e9l\u00e8ne Fedoras&nbsp;: accord\u00e9on diatonique, cornemuses J\u00e9r\u00f4me Thomas : Accord\u00e9on chromatique<\/p>\n","protected":false},"author":1,"featured_media":329,"parent":0,"menu_order":0,"comment_status":"closed","ping_status":"closed","template":"","meta":{"footnotes":""},"class_list":["post-48","page","type-page","status-publish","has-post-thumbnail","hentry"],"_links":{"self":[{"href":"http:\/\/fromagesetdessertsfolk.fr\/index.php?rest_route=\/wp\/v2\/pages\/48","targetHints":{"allow":["GET"]}}],"collection":[{"href":"http:\/\/fromagesetdessertsfolk.fr\/index.php?rest_route=\/wp\/v2\/pages"}],"about":[{"href":"http:\/\/fromagesetdessertsfolk.fr\/index.php?rest_route=\/wp\/v2\/types\/page"}],"author":[{"embeddable":true,"href":"http:\/\/fromagesetdessertsfolk.fr\/index.php?rest_route=\/wp\/v2\/users\/1"}],"replies":[{"embeddable":true,"href":"http:\/\/fromagesetdessertsfolk.fr\/index.php?rest_route=%2Fwp%2Fv2%2Fcomments&post=48"}],"version-history":[{"count":22,"href":"http:\/\/fromagesetdessertsfolk.fr\/index.php?rest_route=\/wp\/v2\/pages\/48\/revisions"}],"predecessor-version":[{"id":380,"href":"http:\/\/fromagesetdessertsfolk.fr\/index.php?rest_route=\/wp\/v2\/pages\/48\/revisions\/380"}],"wp:featuredmedia":[{"embeddable":true,"href":"http:\/\/fromagesetdessertsfolk.fr\/index.php?rest_route=\/wp\/v2\/media\/329"}],"wp:attachment":[{"href":"http:\/\/fromagesetdessertsfolk.fr\/index.php?rest_route=%2Fwp%2Fv2%2Fmedia&parent=48"}],"curies":[{"name":"wp","href":"https:\/\/api.w.org\/{rel}","templated":true}]}}

<p class="has-black-color has-text-color has-large-font-size">  <strong>MADOHEJ</strong> : pourquoi un tel nom ??  </p>



<figure class="wp-block-image size-large"><img loading="lazy" decoding="async" width="1024" height="461" src="http://fromagesetdessertsfolk.fr/wp-content/uploads/2025/03/20240511_152104-1024x461.jpg" alt="" class="wp-image-333" srcset="http://fromagesetdessertsfolk.fr/wp-content/uploads/2025/03/20240511_152104-1024x461.jpg 1024w, http://fromagesetdessertsfolk.fr/wp-content/uploads/2025/03/20240511_152104-300x135.jpg 300w, http://fromagesetdessertsfolk.fr/wp-content/uploads/2025/03/20240511_152104-768x346.jpg 768w, http://fromagesetdessertsfolk.fr/wp-content/uploads/2025/03/20240511_152104-1536x692.jpg 1536w, http://fromagesetdessertsfolk.fr/wp-content/uploads/2025/03/20240511_152104-2048x922.jpg 2048w, http://fromagesetdessertsfolk.fr/wp-content/uploads/2025/03/20240511_152104-900x405.jpg 900w, http://fromagesetdessertsfolk.fr/wp-content/uploads/2025/03/20240511_152104-1280x577.jpg 1280w" sizes="auto, (max-width: 1024px) 100vw, 1024px" /></figure>



<p class="has-black-color has-text-color has-large-font-size"><a href="http://fromagesetdessertsfolk.fr/wp-admin/post-new.php?post_type=page#Marie_aller"><strong>Ma</strong>rie Michelard&nbsp;</a>: <a href="http://www.amta.com.fr/fr/production/accordeon.asp?prov=groupe&amp;codegroupe=94"><em>Hautbois, flûte traversière</em></a>  </p>



<p class="has-black-color has-text-color has-large-font-size"> <a href="http://fromagesetdessertsfolk.fr/wp-admin/post-new.php?post_type=page#Marie_aller"><strong>Do</strong>minique Coulon </a>: <a href="http://www.amta.com.fr/fr/production/accordeon.asp?prov=groupe&amp;codegroupe=94"><em>Percussions</em></a>  </p>



<p class="has-black-color has-text-color has-large-font-size"> <a href="http://fromagesetdessertsfolk.fr/wp-admin/post-new.php?post_type=page#Marie_aller"><strong>Do</strong>minique Trompille&nbsp;</a>: <a href="http://www.amta.com.fr/fr/production/accordeon.asp?prov=groupe&amp;codegroupe=94"><em>Vielle</em></a>  <em>électro-acoustique</em></p>



<p class="has-black-color has-text-color has-large-font-size"> <a href="http://fromagesetdessertsfolk.fr/wp-admin/post-new.php?post_type=page#Marie_aller"><strong>Hé</strong>lène Fedoras&nbsp;</a>: <a href="http://www.amta.com.fr/fr/production/accordeon.asp?prov=groupe&amp;codegroupe=94"><em>accordéon diatonique, cornemuses</em></a>  </p>



<p class="has-black-color has-text-color has-large-font-size"><a href="http://fromagesetdessertsfolk.fr/wp-admin/post-new.php?post_type=page#Marie_aller"><strong>J</strong>érôme Thomas </a>: <em><a href="http://www.amta.com.fr/fr/production/accordeon.asp?prov=groupe&amp;codegroupe=94">Accordéon chromatiqu</a></em><a href="http://www.amta.com.fr/fr/production/accordeon.asp?prov=groupe&amp;codegroupe=94"><em>e</em></a>  </p>



<figure class="wp-block-image size-large"><img loading="lazy" decoding="async" width="1024" height="576" src="http://fromagesetdessertsfolk.fr/wp-content/uploads/2025/10/20250727_151255-1024x576.jpg" alt="" class="wp-image-378" srcset="http://fromagesetdessertsfolk.fr/wp-content/uploads/2025/10/20250727_151255-1024x576.jpg 1024w, http://fromagesetdessertsfolk.fr/wp-content/uploads/2025/10/20250727_151255-300x169.jpg 300w, http://fromagesetdessertsfolk.fr/wp-content/uploads/2025/10/20250727_151255-768x432.jpg 768w, http://fromagesetdessertsfolk.fr/wp-content/uploads/2025/10/20250727_151255-1536x864.jpg 1536w, http://fromagesetdessertsfolk.fr/wp-content/uploads/2025/10/20250727_151255-2048x1152.jpg 2048w, http://fromagesetdessertsfolk.fr/wp-content/uploads/2025/10/20250727_151255-900x506.jpg 900w, http://fromagesetdessertsfolk.fr/wp-content/uploads/2025/10/20250727_151255-1280x720.jpg 1280w" sizes="auto, (max-width: 1024px) 100vw, 1024px" /></figure>



<p class="has-large-font-size"></p>

<p>MADOHEJ : pourquoi un tel nom ?? Marie Michelard&nbsp;: Hautbois, flûte traversière Dominique Coulon : Percussions Dominique Trompille&nbsp;: Vielle électro-acoustique Hélène Fedoras&nbsp;: accordéon diatonique, cornemuses Jérôme Thomas : Accordéon chromatique</p>
